93303.
3, 151, 463, 677
List the prime factors of 623472742.
2, 8123, 38377
List the prime factors of 32351277.
3, 7, 139, 11083
List the prime factors of 3360866.
2, 17, 98849
List the prime factors of 1593563957.
89, 17905213
List the prime factors of 62752885.
5, 13, 965429
List the prime factors of 67768949.
67768949
List the prime factors of 37224829.
131, 284159
List the prime factors of 1716728870.
2, 5, 1289, 133183
What are the prime factors of 15621011?
7, 17, 149, 881
List the prime factors of 2661485500.
2, 5, 5322971
List the prime factors of 71921740.
2, 5, 11, 29, 11273
What are the prime factors of 323954736?
2, 3, 7, 964151
List the prime factors of 2216275988.
2, 554068997
List the prime factors of 41827873.
19, 59, 37313
What are the prime factors of 54040535?
5, 17, 37, 17183
What are the prime factors of 42042288?
2, 3, 19, 46099
List the prime factors of 20878289.
29, 719941
List the prime factors of 336433143.
3, 112144381
List the prime factors of 2888712494.
2, 31, 929, 50153
List the prime factors of 32520629.
29, 38669
List the prime factors of 2745713892.
2, 3, 10177, 22483
What are the prime factors of 7643147280?
2, 3, 5, 31846447
List the prime factors of 1733030750.
2, 5, 11, 630193
What are the prime factors of 69004897?
13, 223, 1831
List the prime factors of 2670586843.
53, 397, 126923
List the prime factors of 86586988.
2, 1543, 14029
What are the prime factors of 126188562?
2, 3, 4019, 5233
What are the prime factors of 1552802948?
2, 3511, 110567
List the prime factors of 1792413539.
7, 277, 924401
What are the prime factors of 486473507?
13, 37421039
List the prime factors of 4665031465.
5, 23, 1763717
What are the prime factors of 1109243904?
2, 3, 180541
List the prime factors of 275553392.
2, 73, 235919
What are the prime factors of 384042337?
7, 71, 772721
What are the prime factors of 45665869?
45665869
What are the prime factors of 10940260?
2, 5, 53, 10321
List the prime factors of 3254962757.
4049, 803893
What are the prime factors of 43930186?
2, 29, 757417
What are the prime factors of 27377157?
3, 17, 19, 1487
List the prime factors of 135184882.
2, 7, 1109, 8707
List the prime factors of 50587501.
113, 447677
What are the prime factors of 454107649?
43, 10560643
List the prime factors of 468498331.
7, 66928333
What are the prime factors of 112225056?
2, 3, 1169011
What are the prime factors of 4516060283?
7, 47, 257, 53411
What are the prime factors of 379665804?
2, 3, 7, 31, 211, 691
List the prime factors of 30698940.
2, 3, 5, 17, 30097
List the prime factors of 348295673.
11, 5231, 6053
List the prime factors of 377244337.
4871, 77447
What are the prime factors of 28388170?
2, 5, 43, 107, 617
What are the prime factors of 116498705?
5, 17, 1370573
List the prime factors of 56893093.
56893093
What are the prime factors of 62279558?
2, 11, 31, 53, 1723
List the prime factors of 2490807905.
5, 751, 663331
What are the prime factors of 553209891?
3, 13, 3329, 4261
What are the prime factors of 1950990?
2, 3, 5, 65033
List the prime factors of 512624153.
31, 16536263
List the prime factors of 2647740272.
2, 3943, 41969
What are the prime factors of 339031391?
17, 151, 457
What are the prime factors of 280803179?
280803179
What are the prime factors of 569729216?
2, 7, 1271717
List the prime factors of 87641474.
2, 43820737
List the prime factors of 122505264.
2, 3, 7, 17, 2383
List the prime factors of 95355956.
2, 37, 644297
List the prime factors of 636314306.
2, 318157153
What are the prime factors of 3284617?
7, 67033
List the prime factors of 39341309.
7, 139, 40433
What are the prime factors of 1042695630?
2, 3, 5, 11585507
List the prime factors of 1703615160.
2, 3, 5, 13, 1092061
What are the prime factors of 704959164?
2, 3, 7, 13, 16553
What are the prime factors of 1488159358?
2, 7, 106297097
List the prime factors of 2028097929.
3, 11, 13, 4727501
List the prime factors of 70786503.
3, 71, 110777
List the prime factors of 1872628693.
13, 17, 8473433
What are the prime factors of 111916389?
3, 13, 17, 168803
What are the prime factors of 187387002?
2, 3, 11, 31, 30529
What are the prime factors of 444255655?
5, 263, 337837
List the prime factors of 453146449.
7, 53, 79, 15461
What are the prime factors of 602169384?
2, 3, 25090391
List the prime factors of 1074664547.
11, 643, 151939
What are the prime factors of 197746706?
2, 31, 3189463
What are the prime factors of 7859253?
3, 17, 73, 2111
What are the prime factors of 517866427?
13, 17, 29, 80803
What are the prime factors of 40728533?
19, 1289, 1663
What are the prime factors of 332145935?
5, 11, 19, 31, 10253
List the prime factors of 2575806512.
2, 1319, 122053
List the prime factors of 4536258063.
3, 47, 32172043
List the prime factors of 2133426689.
12163, 175403
List the prime factors of 23151771.
3, 83, 10331
What are the prime factors of 2969461331?
2969461331
What are the prime factors of 94244492?
2, 137, 229, 751
List the prime factors of 326860176.
2, 3, 23, 107, 2767
What are the prime factors of 33546240?
2, 3, 5, 7, 13
What are the prime factors of 2602802762?
2, 7, 1439, 129197
What are the prime factors of 74677446?
2, 3, 563, 7369
List the prime factors of 460482729.
3, 7, 3929, 5581
List the prime factors of 3301541600.
2, 5, 7, 84223
What are the prime factors of 36251401?
36251401
List the prime factors of 2795893900.
2, 5, 37, 293, 2579
List the prime factors of 36784615.
5, 7, 29, 36241
What are the prime factors of 4615445847?
3, 19081, 80629
What are the prime factors of 4522535168?
2, 709, 24917
What are the prime factors of 83273836?
2, 20818459
What are the prime factors of 176129197?
17, 31, 10781
List the prime factors of 45029844.
2, 3, 46327
What are the prime factors of 37047432?
2, 3, 199, 7757
List the prime factors of 83766557.
7, 31, 37, 10433
What are the prime factors of 295177907?
47, 491, 12791
What are the prime factors of 5724760296?
2, 3, 4273, 55823
List the prime factors of 575665849.
11, 17, 279857
What are the prime factors of 77392929?
3, 769, 33547
List the prime factors of 1723485521.
59, 61, 478879
List the prime factors of 32756808.
2, 3, 7, 194981
List the prime factors of 91635737.
29, 3159853
List the prime factors of 176937878.
2, 13, 41, 165983
What are the prime factors of 4545533?
653, 6961
List the prime factors of 1480780574.
2, 7, 13, 8136157
What are the prime factors of 4255293?
3, 7, 97, 2089
List the prime factors of 137530267.
7, 29, 769, 881
What are the prime factors of 192646852?
2, 19, 277, 9151
What are the prime factors of 144232072?
2, 18029009
What are the prime factors of 123340858?
2, 23, 53, 50591
What are the prime factors of 37611436?
2, 257, 36587
What are the prime factors of 8922054?
2, 3, 1487009
What are the prime factors of 140848419?
3, 199, 235927
What are the prime factors of 6200911828?
2, 251, 6176207
What are the prime factors of 11261467?
7, 23, 113, 619
What are the prime factors of 847325191?
43, 709, 27793
What are the prime factors of 1534346784?
2, 3, 37, 109, 1321
What are the prime factors of 171692261?
13, 13207097
What are the prime factors of 5625418063?
7817, 719639
List the prime factors of 419435009.
7, 59919287
What are the prime factors of 380618582?
2, 23, 8274317
List the prime factors of 1247491434.
2, 3, 7, 23, 29, 44531
What are the prime factors of 234307099?
13, 457, 39439
List the prime factors of 39119594.
2, 19, 43, 89, 269
List the prime factors of 103066796.
2, 7, 691, 761
What are the prime factors of 26971061?
13, 17, 122041
List the prime factors of 31047607.
739, 42013
What are the prime factors of 743990776?
2, 97, 467, 2053
List the prime factors of 1655612956.
2, 19, 23, 61, 15527
List the prime factors of 4933538572.
2, 173, 179, 39829
List the prime factors of 205110759.
3, 7, 283, 34513
What are the prime factors of 61356829?
43, 443, 3221
What are the prime factors of 28480163?
28480163
What are the prime factors of 233607507?
3, 7, 739, 15053
List the prime factors of 2270704003.
19, 23, 5196119
What are the prime factors of 12510102?
2, 3, 11, 189547
List the prime factors of 69664022.
2, 34832011
What are the prime factors of 717955237?
17, 1123, 37607
List the prime factors of 930670713.
3, 7